Determine y(k).
5
Let f(y) = y**3 + 6*y - 6. Let x(w) be the third derivative of -7*w**6/60 - 77*w**4/24 + 77*w**3/6 - 3*w**2. Let s(z) = 77*f(z) + 6*x(z). Calculate s(1).
-7
Suppose 5*i - 23 = -3. Suppose -4 = -i*f - 8. Let z(x) = -20 - x**3 - 4*x**3 + 21 + 2*x. Give z(f).
4
Let l(a) be the third derivative of -1/4*a**4 + 0*a + 0 + 1/6*a**3 - 1/60*a**5 + 4*a**2. Calculate l(-5).
6
Suppose -10 = 4*c - 2*c. Let q(b) be the second derivative of -2*b + 7/2*b**2 + 0 + 1/3*b**3. Calculate q(c).
-3
Let d(r) = -r**3 - 7*r**2 - 6*r - 8. Suppose 4*j + 26 = -m, -3*j = -0*j - 2*m + 14. Determine d(j).
-8
Let p(x) = -1. Suppose 0 = 2*g + 3*g. Let m(y) = g - 3*y + 3 - 2*y + 4*y. Let b(k) = m(k) + 2*p(k). What is b(-3)?
4
Let b(r) = -r**2 + 12*r - 3. Let l = 202 + -192. Determine b(l).
17
Suppose -2 = 2*c - 4*i + 2, 0 = -2*c - 3*i + 17. Suppose -f - 4*f = 0. Suppose -c*z + 5*y - 4 = 0, 0 = -4*z + 2*y - 4 - f. Let u(p) = 3*p + 1. What is u(z)?
-2
Let w = 19 - 9. Suppose -w = -2*h - 5*g, g = -g. Let s(t) = -5*t + 13. Let n(q) = 3*q - 9. Let l(z) = h*s(z) + 8*n(z). Determine l(-5).
-2
Suppose 4*h = h + 6. Suppose -2*d - 24 = -3*g + h*d, -4*g + d + 19 = 0. Let f(y) = y**2 - 2*y - 3. Give f(g).
5
Suppose 2*w = 4*z + 2, -w + z + 2*z = 0. Let j(a) = 3 + 1 - a**w + 3 + a**2 - a. Let c = 2 + -2. Give j(c).
7
Let d(a) be the second derivative of a**5/20 - a**4/2 + 2*a**3/3 - 2*a**2 + 2*a. Determine d(5).
-9
Let z(m) = -m - 1. Let g(y) = 10*y - 5. Let t(h) = g(h) - 5*z(h). Suppose -3*x - 28 = -5*r, -4*r = -4*x - r - 19. Determine t(x).
-15
Let k(r) = -r**3 - 2*r**2 - 2*r - 1. Suppose n = -0 + 3. Suppose 6*p - n*p - 3 = 0. Let a = p - 3. Determine k(a).
3
Let c(u) be the second derivative of -u**4/6 + u**3/2 + 2*u**2 - 2*u. Let g(p) = -p**2 + 12*p - 11. Let s be g(11). Let w be -1*(s + 3) - -6. Calculate c(w).
-5
Let i(r) = r**3 + 6*r**2 + 2*r. Let z be (-24)/16 + 45/(-10). What is i(z)?
-12
Let t(b) = b - 9. Let o = 35 + -27. Give t(o).
-1
Suppose 4*g - 6*g - 4 = 0. Let d(h) be the third derivative of h**2 + 1/6*h**4 + 0 + 1/2*h**3 + 0*h. Determine d(g).
-5
Let m(p) = -4*p + 7 + p + p**2 + 4 - 9. Let j(r) = r**2 - 3*r + 2. Let g(s) = -5*j(s) + 4*m(s). Determine g(4).
-6
Let u(c) = 2*c + 9. Let q = -35 - -21. Let x = -20 - q. Calculate u(x).
-3
Suppose -11*c = -96 - 3. Let x(s) = -s**2 + 8*s + 9. Determine x(c).
0
Let f(q) be the third derivative of -q**8/3360 - q**7/2520 - q**6/720 - q**5/120 + q**4/24 + 6*q**2. Let a(c) be the second derivative of f(c). What is a(-1)?
1
Let t be ((-108)/24)/(6/(-8)). Let r(u) = -u**2 + 2*u - t - u - 7*u. What is r(-4)?
2
Let m(o) be the second derivative of -4*o + 1/4*o**4 + 1/6*o**3 - 1/2*o**2 + 0. Determine m(-2).
9
Let i(q) = -5*q - q**2 + 6 + 5 - 4. Determine i(-5).
7
Let c be (4 + -2)/((-1)/2). Let y(u) be the second derivative of -1/2*u**3 + 11*u - 1/12*u**4 + 0 - 3/2*u**2. Calculate y(c).
-7
Let s(r) = r**3 - 5*r**2 - 7*r + 7. Let l(i) = -i**2 - 4*i + 11. Suppose 3*x = -10 - 5. Let q be l(x). Determine s(q).
1
Let j(f) = 144*f - 289*f + 143*f. Give j(-6).
12
Let w(q) = q**3 - 6*q**2 + 5*q - 9. Let u be w(6). Let h = u + -16. Let y(f) = f**3 - 4*f**2 - 5*f + 7. Give y(h).
7
Suppose -12 = -4*g, -9 = 2*h - g + 2*g. Let l = h - -2. Let u(q) = -q**3 - 4*q**2 - q + 2. Give u(l).
6
Suppose -3*p - 12 = 6. Let u(w) = -w**2 - 7*w - 9. Determine u(p).
-3
Let b(q) = 9 - 9 + q + q**2. What is b(1)?
2
Suppose 0 = -3*f - 5*m - 17 - 5, 3*f - 2*m + 8 = 0. Let h(p) = -2*p - 4. Determine h(f).
4
Suppose 3*p = 6*p - 6. Let v(d) = -4 + 1 + d**p + d**2 + 2*d. Determine v(2).
9
Let s(p) = 3*p**3 + 4*p**2 + 9*p - 1. Let q(k) = k**3 + k**2 + 3*k. Let a(c) = 11*q(c) - 4*s(c). Give a(-4).
0
Let b(m) be the third derivative of -m**6/120 - 7*m**5/60 - m**4/4 + m**3/3 + m**2. Let x = 2 + 2. Suppose j + 0 = y + x, 0 = -3*y + j - 16. Give b(y).
2
Let s(h) = -4*h**2 + 6*h - 4. Let j(t) = 7*t**2 - 11*t + 7. Let f(y) = 3*j(y) + 5*s(y). Let d be (5/(-5))/(2/6). Let z = d - -6. Determine f(z).
1
Let r(q) be the first derivative of -q**4/2 + 2*q**3/3 - 6. Let n(c) = -c**3 + 13*c**2 - 11*c - 10. Let v be n(12). What is r(v)?
-8
Let d(t) be the first derivative of -2 + 2*t - 1/2*t**2. Determine d(6).
-4
Let h(m) = m**2 + 1. Let v(s) = -s**3 - 14*s**2 + 3. Let o(p) = -5*h(p) - v(p). Give o(-9).
-8
Let w be (-16)/(-20)*5/1. Let y(n) = -n**2. Let f be y(0). Let t(u) = -2*u**2 + 4 + f - w*u + 2*u**2 - u**2. What is t(-3)?
7
Let b = 11 - 11. Let u(f) = 1 - 10 + 8*f - f**2 + b. Give u(6).
3
Let r(x) = x**2 - 5*x - 7. Let i = -9 + 5. Let l be 10/i*60/(-25). Determine r(l).
-1
Let l(b) = 3 - 1 + 3*b**3 + 8*b**2 - 4*b**3. Let z be l(8). Let k(h) = 2*h**z + 0 + 2*h**2 + h**3 - 2 - h. Give k(-4).
2
Let i(m) be the second derivative of m**8/6720 - m**7/630 - m**6/90 + m**5/40 - m**4/3 - m. Let w(a) be the third derivative of i(a). What is w(5)?
-12
Let r(z) = 3*z**2 + z - 1. Let m be r(1). Let s(h) = -m*h + 0 - 2*h**2 + 2 + h**2. Let w(a) = a**2 + 6*a + 1. Let i be w(-5). Calculate s(i).
-2
Let r(q) = q + 3. Let z be (64/(-20))/(-4)*25. Suppose 4*f + z = -8. Give r(f).
-4
Let i(k) = -6*k - 8 + 3*k + k + 3*k. What is i(6)?
-2
Suppose -x = 3*x + 16, -5*d + 3*x = -57. Let b(q) = q. What is b(d)?
9
Let y(c) = 3*c - 7. Let s = -103 - -108. Give y(s).
8
Let a be (8/6)/(4/(-6)). Let n be ((-3)/2)/(1/a). Let u(q) be the second derivative of q**5/20 - q**4/6 - q**3/2 - 3*q**2/2 - q. Give u(n).
-3
Let i(p) = -2*p + 11 + 8*p**2 - 18*p**2 + 2 + p**3. Calculate i(10).
-7
Let d(a) be the second derivative of -a**4/12 + a**3/6 - a**2/2 - a. Let w = 161 + -159. What is d(w)?
-3
Let a(d) = 1 - 2*d - d**3 - 2*d - 3*d**2 + 7*d**2. Let i be 2 - 2 - (-4)/4. Suppose -5*r - 2*y + 19 = -6*y, 2*y - i = -r. What is a(r)?
-2
Suppose -4 + 2 = -y. Suppose q + 23 = -5*n, -q + 8 = -y*q - 2*n. Let t(f) = -3*f**q - 2*f**3 + 0*f**2 + f**3 + 7*f**2 + 1 + f. Calculate t(4).
5
Let l = -5 + 9. Let u(a) be the first derivative of -1/2*a**2 + 3 + 4*a. Determine u(l).
0
Let t(v) = v - 2. Suppose 0*w + w = -4*n + 24, -2*w = -3*n + 18. What is t(n)?
4
Let i(p) = p - 1. Let q(b) = -2*b + 3. Let w(t) = 4*i(t) + q(t). What is w(2)?
3
Suppose 0 = 3*h + 18 - 3, 3*f + 52 = -5*h. Let a be (f/(-6))/3*0. Let n(v) be the second derivative of -v**3/6 + 9*v**2/2 + v. Calculate n(a).
9
Suppose 0*g - g = -2. Suppose -5*b = -g*f + 18, 0*b + 2*f = b + 10. Let x(u) = -2*u**3 - 2*u**2 + u + 2. Determine x(b).
8
Let a = -134 - -134. Let v(s) = s**2 + s - 5. Give v(a).
-5
Suppose 2*p = 5*o - 22, 5*o - p = -2 + 28. Let f(x) = -x**3 + x + 1. Let n(v) = v**3 + 7*v**2 - 8*v + 2. Let k(z) = -2*f(z) - n(z). Determine k(o).
-4
Let o be 1/1*(2 + 0). Suppose 0*c + 5*f + 20 = 4*c, 2*f = -8. Let x(t) = 0 - 2*t - o + c*t. Give x(-4).
6
Let o(y) = -58*y + 31*y - 1 + 30*y. Suppose 3*b - 3*w = -0*w, 4*b + 7 = -3*w. Calculate o(b).
-4
Let g(h) be the third derivative of h**4/24 - 5*h**3/6 - 7*h**2. Determine g(9).
4
Let w(x) = 2*x - 7. Let j(z) = 10 - 6*z - z**2 - z - 4. Let k be j(-7). Give w(k).
5
Let q(b) be the second derivative of b**5/20 + 2*b**4/3 + 3*b**3/2 + 5*b**2/2 + 8*b. Determine q(-7).
-9
Let u(b) be the second derivative of b**4/12 - 2*b**3/3 + 2*b**2 - 16*b. Determine u(3).
1
Let g be 8 + (-4)/((-16)/(-12)). Suppose 15 = g*r - 0*r, 2*a = -r + 5. Let h(i) = 9*i**3 + 2*i**2 - 1. Determine h(a).
10
Let j = 0 + 2. Let i(u) = 2*u**3 + 3 - 2*u - 1 - 17*u**2 - u**3 + 13*u**j. Give i(3).
-13
Let i(h) = h - 5. Let y(j) = -j + 3. Let s(z) = -4*i(z) - 7*y(z). Let g = 7 + 0. Let d = -6 + g. What is s(d)?
2
Let r(m) = m**3 - 5*m**2 + 4*m. Let z be r(4). Suppose z*c = -c + 2. Suppose c*u + 3 = 9. Let b(w) = w**2 - 3*w + 3. Calculate b(u).
3
Suppose -15 + 1 = -5*s + w, 2*s - w - 8 = 0. Let j = 0 + s. Let a(l) be the second derivative of -l**4/12 + 5*l**3/6 - l**2/2 + 3*l. Calculate a(j).
5
Suppose 3 = b + 1. Let r(u) = b*u - 2 - u - 2*u + 0. Calculate r(0).
-2
Suppose 0 = h + 3*h + 4. Let c(w) be the third derivative of 1/60*w**5 + 0 + 1/12*w**4 - 3*w**2 + 1/6*w**3 + 1/120*w**6 + 0*w. What is c(h)?
-1
Suppose 2*x = 7*x. Suppose x*z - 4 = z. Let g(c) = c**2 + 5*c + 5. Determine g(z).
1
Let z(h) = h - 4. Suppose 5*r = 3 - 23. What is z(r)?
-8
Let z(g) = -g**3 - 5*g**2 - 6*g - 6. Let b be z(-4). Let r(p) be the first derivative of 2*p**b - p**2 + 4 + 8